r when 681 is divided by 17.
1
Calculate the remainder when 49913 is divided by 3556.
129
What is the remainder when 9171 is divided by 3893?
1385
Calculate the remainder when 31936 is divided by 49.
37
What is the remainder when 2429 is divided by 1169?
91
What is the remainder when 78245 is divided by 7?
6
What is the remainder when 1443 is divided by 200?
43
What is the remainder when 12244 is divided by 155?
154
Calculate the remainder when 29462 is divided by 183.
182
Calculate the remainder when 53885 is divided by 48.
29
What is the remainder when 855 is divided by 372?
111
Calculate the remainder when 63658 is divided by 1837.
1200
Calculate the remainder when 305 is divided by 24.
17
What is the remainder when 120207 is divided by 179?
98
Calculate the remainder when 3185 is divided by 1318.
549
Calculate the remainder when 5434 is divided by 424.
346
Calculate the remainder when 81567 is divided by 4798.
1
What is the remainder when 2007 is divided by 59?
1
Calculate the remainder when 15164 is divided by 25.
14
What is the remainder when 1741 is divided by 104?
77
What is the remainder when 19075 is divided by 6343?
46
What is the remainder when 16628 is divided by 765?
563
What is the remainder when 11434 is divided by 3353?
1375
Calculate the remainder when 31370 is divided by 581.
577
Calculate the remainder when 108349 is divided by 577.
450
Calculate the remainder when 62012 is divided by 6196.
52
Calculate the remainder when 185667 is divided by 50.
17
Calculate the remainder when 5586 is divided by 426.
48
Calculate the remainder when 80431 is divided by 20107.
3
What is the remainder when 1190 is divided by 93?
74
What is the remainder when 763 is divided by 379?
5
What is the remainder when 90232 is divided by 13?
12
Calculate the remainder when 15574 is divided by 645.
94
What is the remainder when 7673 is divided by 162?
59
What is the remainder when 127491 is divided by 42480?
51
What is the remainder when 2529573 is divided by 316?
309
Calculate the remainder when 1625 is divided by 182.
169
What is the remainder when 37542 is divided by 102?
6
What is the remainder when 5323 is divided by 754?
45
Calculate the remainder when 765 is divided by 83.
18
Calculate the remainder when 131555 is divided by 2799.
2
What is the remainder when 37011 is divided by 627?
18
Calculate the remainder when 682 is divided by 210.
52
Calculate the remainder when 72958 is divided by 24312.
22
What is the remainder when 1383770 is divided by 356?
354
What is the remainder when 433599 is divided by 663?
660
What is the remainder when 521086 is divided by 388?
2
Calculate the remainder when 8822 is divided by 8773.
49
Calculate the remainder when 167992 is divided by 96.
88
Calculate the remainder when 29145 is divided by 42.
39
Calculate the remainder when 6340 is divided by 3098.
144
What is the remainder when 4327 is divided by 32?
7
Calculate the remainder when 2625 is divided by 94.
87
What is the remainder when 2437 is divided by 2416?
21
What is the remainder when 29516 is divided by 246?
242
What is the remainder when 7064 is divided by 76?
72
Calculate the remainder when 23661 is divided by 1478.
13
Calculate the remainder when 217721 is divided by 217712.
9
What is the remainder when 9540 is divided by 3176?
12
Calculate the remainder when 33374 is divided by 89.
88
What is the remainder when 657634 is divided by 219203?
25
Calculate the remainder when 3952 is divided by 648.
64
Calculate the remainder when 441270 is divided by 13.
11
What is the remainder when 242675 is divided by 48533?
10
What is the remainder when 44978 is divided by 3458?
24
Calculate the remainder when 4014 is divided by 1292.
138
What is the remainder when 2170 is divided by 583?
421
What is the remainder when 68911 is divided by 179?
175
What is the remainder when 380411 is divided by 18?
17
What is the remainder when 232788 is divided by 232786?
2
What is the remainder when 227732 is divided by 25302?
14
What is the remainder when 10866 is divided by 113?
18
What is the remainder when 185999 is divided by 93?
92
What is the remainder when 17552 is divided by 3485?
127
What is the remainder when 7754 is divided by 14?
12
Calculate the remainder when 5795 is divided by 36.
35
What is the remainder when 2281 is divided by 65?
6
Calculate the remainder when 3134 is divided by 341.
65
Calculate the remainder when 52453 is divided by 26221.
11
What is the remainder when 1089 is divided by 554?
535
What is the remainder when 18903 is divided by 155?
148
What is the remainder when 9268 is divided by 4587?
94
What is the remainder when 1458 is divided by 430?
168
What is the remainder when 12551 is divided by 331?
304
Calculate the remainder when 37761 is divided by 216.
177
What is the remainder when 82085 is divided by 20516?
21
What is the remainder when 36560 is divided by 3656?
0
Calculate the remainder when 1131 is divided by 1090.
41
What is the remainder when 84049 is divided by 4002?
7
What is the remainder when 54229 is divided by 290?
289
Calculate the remainder when 19839 is divided by 863.
853
What is the remainder when 2457 is divided by 1125?
207
What is the remainder when 3730 is divided by 1819?
92
Calculate the remainder when 1481 is divided by 324.
185
Calculate the remainder when 33119 is divided by 6621.
14
Calculate the remainder when 2089 is divided by 157.
48
Calculate the remainder when 1806 is divided by 498.
312
What is the remainder when 638 is divided by 85?
43
What is the remainder when 2752 is divided by 38?
16
What is the remainder when 10203 is divided by 58?
53
What is the remainder when 18482 is divided by 1232?
2
Calculate the remainder when 244969 is divided by 13.
10
What is the remainder when 26355 is divided by 13177?
1
Calculate the remainder when 7698 is divided by 773.
741
Calculate the remainder when 6283 is divided by 40.
3
Calculate the remainder when 950055 is divided by 94.
91
Calculate the remainder when 9888 is divided by 224.
32
Calculate the remainder when 52787 is divided by 459.
2
What is the remainder when 7024 is divided by 82?
54
What is the remainder when 9427 is divided by 53?
46
What is the remainder when 682511 is divided by 140?
11
What is the remainder when 530278 is divided by 45?
43
What is the remainder when 7768 is divided by 971?
0
Calculate the remainder when 1316 is divided by 359.
239
What is the remainder when 216149 is divided by 54032?
21
What is the remainder when 4378153 is divided by 118?
117
What is the remainder when 502490 is divided by 53?
50
Calculate the remainder when 492821 is divided by 114.
113
Calculate the remainder when 4182 is divided by 282.
234
What is the remainder when 121847 is divided by 164?
159
What is the remainder when 1615 is divided by 69?
28
What is the remainder when 164888 is divided by 55?
53
Calculate the remainder when 6822 is divided by 274.
246
Calculate the remainder when 73104 is divided by 18.
6
What is the remainder when 21927 is divided by 249?
15
What is the remainder when 82211 is divided by 325?
311
Calculate the remainder when 33818 is divided by 85.
73
What is the remainder when 317192 is divided by 105714?
50
Calculate the remainder when 246703 is divided by 42.
37
Calculate the remainder when 47019 is divided by 3.
0
Calculate the remainder when 6047 is divided by 11.
8
What is the remainder when 3209 is divided by 3203?
6
Calculate the remainder when 496346 is divided by 6053.
0
What is the remainder when 4363 is divided by 363?
7
What is the remainder when 5549 is divided by 605?
104
What is the remainder when 972 is divided by 307?
51
What is the remainder when 7069 is divided by 13?
10
Calculate the remainder when 74114 is divided by 309.
263
What is the remainder when 2912 is divided by 3?
2
Calculate the remainder when 808467 is divided by 202116.
3
Calculate the remainder when 803413 is divided by 33475.
13
What is the remainder when 6409 is divided by 1104?
889
Calculate the remainder when 38266 is divided by 17.
16
What is the remainder when 101427 is divided by 15?
12
What is the remainder when 34255 is divided by 127?
92
Calculate the remainder when 22994 is divided by 22933.
61
What is the remainder when 11561 is divided by 1151